ctor of 20583272?
False
Is 369810032 a multiple of 1136?
True
Does 12 divide 217478148?
True
Is 165 a factor of 64518982?
False
Is 47 a factor of 2509290735?
False
Is 29 a factor of 981788415?
False
Is 254414169 a multiple of 77?
False
Is 16 a factor of 42599398?
False
Does 301 divide 29697581?
False
Is 4340900 a multiple of 1660?
True
Is 170093320 a multiple of 20?
True
Does 915 divide 293234625?
True
Is 22 a factor of 212441108?
True
Is 463 a factor of 20887982?
False
Is 15 a factor of 225551430?
True
Is 102 a factor of 162777847?
False
Is 82041954 a multiple of 6?
True
Is 238 a factor of 6626607?
False
Is 7095396 a multiple of 6?
True
Does 7 divide 68383567?
True
Is 70 a factor of 24521763?
False
Does 20 divide 91166500?
True
Is 46093000 a multiple of 20?
True
Is 5 a factor of 1009738430?
True
Is 1028060304 a multiple of 517?
False
Is 154816521 a multiple of 267?
False
Is 154233357 a multiple of 142?
False
Is 377 a factor of 194249026?
False
Does 468 divide 92596140?
True
Is 268809476 a multiple of 4498?
True
Does 3 divide 189472351?
False
Is 76443834 a multiple of 258?
False
Is 110470710 a multiple of 10?
True
Is 3550184 a multiple of 1211?
False
Is 2505943136 a multiple of 38?
True
Does 109 divide 216868928?
False
Does 6812 divide 622017544?
False
Is 27223380 a multiple of 83?
False
Does 544 divide 1479041344?
True
Is 1703 a factor of 235536821?
True
Does 889 divide 144747330?
False
Is 102147592 a multiple of 832?
False
Does 594 divide 592569054?
True
Does 2562 divide 20665647?
False
Is 18404037 a multiple of 124?
False
Is 1047417693 a multiple of 133?
True
Is 981 a factor of 86709402?
False
Does 11 divide 176727166?
True
Is 8302028 a multiple of 14?
True
Is 25568588 a multiple of 1777?
False
Is 581 a factor of 183394512?
False
Is 216537424 a multiple of 272?
False
Is 78 a factor of 3596977961?
False
Is 25306304 a multiple of 3008?
True
Is 17 a factor of 1327658826?
True
Is 28883574 a multiple of 2259?
True
Is 4104804496 a multiple of 6869?
True
Is 3685 a factor of 1678634211?
False
Does 10 divide 1402828412?
False
Does 66 divide 1047971432?
False
Is 112301567 a multiple of 44?
False
Does 598 divide 113801296?
False
Does 95 divide 471417740?
True
Is 79 a factor of 14219684?
True
Is 41002653 a multiple of 3?
True
Does 1209 divide 929634687?
False
Does 8 divide 173250304?
True
Does 246 divide 76868841?
False
Does 6 divide 2709230162?
False
Is 70630542 a multiple of 18?
True
Is 7440 a factor of 1508059813?
False
Is 1752815425 a multiple of 27?
False
Does 19 divide 1360227955?
True
Is 62 a factor of 1169190657?
False
Is 33 a factor of 102360933?
False
Is 5 a factor of 13890550?
True
Does 785 divide 95493819?
False
Is 109071 a multiple of 9?
True
Is 307 a factor of 72762953?
False
Is 247822880 a multiple of 160?
True
Is 417052442 a multiple of 2285?
False
Does 10 divide 140984080?
True
Does 14 divide 724235316?
True
Does 72 divide 41352656?
False
Is 1081 a factor of 49329714?
False
Is 69 a factor of 28240320?
True
Is 185 a factor of 1210540906?
False
Is 38407776 a multiple of 16?
True
Is 21827570 a multiple of 829?
True
Does 22 divide 370936884?
False
Does 13 divide 270145224?
False
Does 13 divide 1502289191?
True
Does 72 divide 125215726?
False
Does 5 divide 729631550?
True
Does 291 divide 117312576?
True
Is 27867587 a multiple of 11?
True
Does 104 divide 13801632?
True
Is 221487098 a multiple of 3529?
True
Is 602 a factor of 20068600?
False
Is 12 a factor of 28207992?
True
Is 67 a factor of 165651705?
False
Is 280 a factor of 126732480?
True
Is 7781 a factor of 1619086042?
True
Does 15 divide 60714935?
False
Is 189590594 a multiple of 86?
False
Is 8 a factor of 2602380712?
True
Does 351 divide 402125633?
False
Does 343 divide 52450097?
False
Is 19376322 a multiple of 611?
False
Is 15791280 a multiple of 40?
True
Is 2235 a factor of 318039668?
False
Is 7 a factor of 70244?
False
Is 100135332 a multiple of 99?
True
Is 4 a factor of 718480254?
False
Is 23732731 a multiple of 756?
False
Is 13 a factor of 105563484?
True
Is 23 a factor of 323757069?
False
Does 327 divide 631122106?
False
Does 860 divide 62167680?
True
Does 92 divide 53958920?
True
Is 224 a factor of 425658464?
True
Does 998 divide 8416030?
False
Does 48 divide 42158192?
False
Does 9 divide 9269054?
False
Does 518 divide 175401016?
True
Does 63 divide 13320657?
True
Is 37 a factor of 1398714030?
False
Is 22 a factor of 1503222298?
False
Is 23146512 a multiple of 12?
True
Is 169 a factor of 23395177?
True
Is 75 a factor of 364822575?
True
Does 40 divide 444170805?
False
Does 32 divide 1185009184?
True
Does 1665 divide 1577798955?
True
Is 62 a factor of 24366472?
False
Is 43684210 a multiple of 87?
False
Is 312556784 a multiple of 16?
True
Is 13 a factor of 10367644?
False
Is 1515953376 a multiple of 6408?
True
Does 11 divide 6853060?
False
Is 10 a factor of 17833184?
False
Does 305 divide 35888130?
True
Is 37 a factor of 2707025746?
True
Is 12 a factor of 1448976180?
True
Is 29141857 a multiple of 18?
False
Is 36118500 a multiple of 66?
True
Is 869487 a multiple of 2761?
False
Is 347374355 a multiple of 933?
False
Does 684 divide 52155512?
False
Is 25035 a multiple of 3?
True
Is 976860389 a multiple of 17?
False
Is 1734185970 a multiple of 1431?
True
Is 18 a factor of 771974947?
False
Does 39 divide 187587153?
True
Does 392 divide 747970104?
True
Is 302 a factor of 68172936?
False
Is 117 a factor of 700308648?
True
Is 46 a factor of 1661155910?
True
Is 1253573225 a multiple of 265?
True
Is 3235584986 a multiple of 407?
False
Is 525796196 a multiple of 1258?
True
Is 201 a factor of 2907264?
True
Is 283652460 a multiple of 973?
False
Is 15 a factor of 7353660?
True
Is 831930150 a multiple of 265?
False
Does 746 divide 217040494?
True
Is 4 a factor of 26846736?
True
Does 19 divide 26419356?
False
Is 217218387 a multiple of 2?
False
Does 3340 divide 196619755?
False
Does 7 divide 14862665?
False
Is 30148893 even?
False
Is 280281478 a multiple of 1367?
True
Is 361 a factor of 69590692?
True
Does 285 divide 28961860?
False
Does 2171 divide 23382442?
False
Is 732 a factor of 63811996?
False
Does 17 divide 19186047?
True
Is 4079 a factor of 162771113?
False
Is 1068 a factor of 45590747?
False
Does 52 divide 2560629448?
True
Is 35 a factor of 102843140?
False
Is 8 a factor of 12323864?
True
Is 83282523 a multiple of 31?
True
Is 611194514 a multiple of 34?
False
Is 18 a factor of 95434110?
True
Is 255023635 a multiple of 921?
False
Does 9 divide 8524182?
False
Does 12 divide 781423404?
True
Is 4 a factor of 604685604?
True
Does 1816 divide 1789522720?
True
Does 17 divide 41322274?
True
Is 171035235 a multiple of 8?
False
Is 135 a factor of 6268862?
False
Does 2451 divide 1043268620?
False
Is 20176166 a multiple of 14?
False
Is 225 a factor of 149153468?
False
Is 256 a factor of 445144576?
True
Is 1889 a factor of 70428650?
False
Is 24177642 a multiple of 2?
True
Does 104 divide 5386555?
False
Is 21175952 a multiple of 112?
True
Is 438380692 a multiple of 2092?
True
Is 7 a factor of 41375173?
True
Is 86589942 a multiple of 20?
False
Is 830903664 a multiple of 124?
True
Is 1795 a factor of 859639860?
True
Does 46 divide 41320696?
True
Does 28 divide 468303018?
False
Does 5223 divide 1759733160?
True
Is 2980358407 a multiple of 1168?
False
Is 23 a factor of 92212520?
True
Is 35875389 a multiple of 1029?
False
Is 777951345 a multiple of 15?
True
Is 322473339 a multiple of 2133?
True
Is 374774924 a multiple of 37?
True
Does 298 divide 312181534?
False
Is 361467810 a multiple of 15?
True
Does 35 divide 4195958459?
False
Is 849320241 a multiple of 87?
False
Is 37936212 a multiple of 306?
False
Is 126703634 a multiple of 94?
True
Is 2792429262 a multiple of 18?
True
Does 519 divide 80226973?
False
Is 2821111 a multiple of 173?
True
Is 318919604 a multiple of 1033?
False
Is 33094383 a multiple of 8?
False
Is 10 a factor of 36109970?
True
Does 2 divide 8219311?
False
Is 12467411 a multiple of 137?
True
Is 10374364 a multiple of 399?
False
Does 128 divide 3107968?
True
Does 2107 divide 1124138517?
False
Is 240193971 a multiple of 1814?
False
Does 8 divide 693692848?
True
Is 32 a factor of 24499453?
False
Does 80 divide 25773360?
True
Is 18678940 a multiple of 2828?
True
Is 3 a factor of 128183586?